vative of y**4/4 + 17*y**3/3 + 3*y**2/2 + 46*y - 533. Determine g(-17).
-5
Let a be (-1)/(2*6/36). Let i(q) = -12*q**3 + 8*q**2 - 1. Let k(f) = -5*f**3 + 4*f**2 - 1. Let x(t) = a*i(t) + 7*k(t). Determine x(-4).
-4
Let l(f) be the second derivative of 5*f**5 + f**4/12 + f**3/3 + f**2 - f + 1153. Determine l(-1).
-99
Let y(v) = 1167*v - 1159*v - 2 + 25*v**2 - 11*v**2 - 23 - 15*v**2. Determine y(5).
-10
Let a(q) = q**3 + 4*q**2 + q - 1. Suppose 3*d + 8 = 4*m + 17, -m = -d + 2. Let i(t) = 2*t**3 + 3*t**2 + t - 1. Let s(n) = m*a(n) + 4*i(n). Determine s(1).
5
Let w(d) = 25*d + 879. Let m be w(-35). Let r(u) be the first derivative of 1/4*u**m - 3/2*u**2 + 25 - 8*u - 5/3*u**3. What is r(6)?
10
Let s(c) = 22 - 13*c - 9*c + 0*c + 23*c - c**2. Let i = 0 + 9. Let t be 6/i + 2/(-3). What is s(t)?
22
Suppose 13*k - 150 = 18*k. Let r = 25 + k. Let i(u) = 2*u + 19. Let m(t) = t + 9. Let y(z) = -3*i(z) + 7*m(z). Calculate y(r).
1
Let l(b) = -2*b**2 + 3*b + 138. Suppose -4*j = -34*g + 31*g + 8, 2*g + j + 24 = 0. Give l(g).
-14
Suppose 259*m - 263*m + 44 = 0. Suppose -7*s + 52 = -m. Let j(o) = 4*o - 7. What is j(s)?
29
Let y = 4559 + -4555. Let p(t) = -9*t + 30. Determine p(y).
-6
Let h be 12*((-6)/(-20))/((-48)/(-80)). Let n(x) = -x - 19. Let a(b) = b + 19. Let u(z) = h*a(z) + 7*n(z). Determine u(-8).
-11
Let w be -24*-2*(-30)/(-18). Let t = w + -83. Let b(z) = 2*z**2 + 4*z + 1. Determine b(t).
7
Let x(p) = -p**2 + 8*p + 1. Suppose 140 = 4*g - 84. Suppose 0 = -4*t - 3*t + g. Calculate x(t).
1
Suppose 26 = -2*q + s - 3*s, 2 = s. Let t = q - -7. Let x(j) be the second derivative of j**4/12 + 7*j**3/6 - 11*j**2/2 + 4*j + 161. Determine x(t).
-3
Let r = 557 + -559. Let m(a) = 4*a**2 - 13*a + 3. Let d(h) = 3*h**2 - 13*h + 4. Let j(p) = r*m(p) + 3*d(p). Determine j(11).
-16
Let z = 125 + -77. Let s = -13 + z. Let k = s - 40. Let v(b) = b**3 + 6*b**2 + 7*b. Determine v(k).
-10
Let f(c) = -11*c + 4. Let u(h) be the second derivative of 2*h**3 - 5*h**2/2 + 33*h - 1. Let t(m) = 5*f(m) + 4*u(m). Calculate t(-1).
7
Suppose 4 = -v + 2. Let n(x) = 5094*x**2 - 2*x + 5091*x**2 - 2 - x**3 - 10183*x**2. Determine n(v).
18
Let o be 9/(-6)*((-40)/6)/2. Let y(b) = 13*b - o*b - b - 8*b. What is y(2)?
-2
Let v(y) = -3 - 8*y**2 + 0*y**2 + 10 + 12 + 17*y + 5*y**2. What is v(8)?
-37
Let w(a) = 5*a**2 + 15*a**2 + a**3 - 21 - 29*a**2 - 2*a**3 + 9*a. Give w(-10).
-11
Suppose 54*i - 346 = -454. Let b(x) = 19*x + 38. Calculate b(i).
0
Let u(y) be the first derivative of 25 + 25*y - 3/2*y**3 + 3/4*y**4 - y**2 - 1/20*y**5. Let g(s) be the first derivative of u(s). What is g(8)?
-10
Let i(v) = 94*v + 9. Let j be i(-1). Let x = j + 99. Let z(r) = -r - 15 + 39 - x. Calculate z(0).
10
Suppose -6*u - 412 + 376 = 0. Let w(o) = 23*o + 130. Give w(u).
-8
Let l(r) = -89*r**2 + 26*r - 61. Let w(x) = 119*x**2 - 25*x + 60. Let m(i) = 4*l(i) + 3*w(i). What is m(-31)?
-2
Suppose 5*n - 6 = 3*n. Suppose -4*h + 3*j = 0, 2*h + n*h = j. Suppose -9*v + 12*v + 18 = h. Let l(g) = -g - 6. Determine l(v).
0
Let f be (-3)/(-21) + 2299/77. Suppose -i + 3*i = 0. Suppose 2*s = -5*n + f, i*s - 4*s + 24 = n. Let x(w) = w**2 - 4*w + 1. What is x(s)?
6
Let r(f) = 4*f**2 + 10*f + 7. Let p(b) = -7*b**2 - 19*b - 16. Let d(v) = -3*p(v) - 5*r(v). Give d(-6).
7
Let d(k) = 596*k**2 - 597*k**2 - 11*k + 8*k. Let g(x) = x - 5. Let h be g(5). Calculate d(h).
0
Let t(w) be the second derivative of w**6/720 + w**5/40 + 25*w**4/6 + w**2/2 + 39*w - 3. Let m(y) be the third derivative of t(y). What is m(6)?
9
Let y(j) = 22 + 20 - 16*j**2 + 4 - 2*j - 65 - j**3. What is y(-16)?
13
Let b(x) = -49 - 51 - 53 + 0*x + 153 + 3*x. Suppose -5*h = 13 - 83. Suppose -4*z - n = h, -21 = 5*z + n - 3. Calculate b(z).
-12
Let t(s) = -5 - s - 7 + 14. Suppose 45*r - 49*r = -172. Let g = r + -37. Determine t(g).
-4
Let j = 4876 - 4878. Let y(h) = h**3 + 2*h**2 - 3*h - 7. Calculate y(j).
-1
Let b(t) = t + 5. Let o(i) = -i**2 + 8*i - 5. Let d be o(4). Let n(j) = 6*j + 24. Let l(a) = d*b(a) - 2*n(a). Let q be -3*152/342*(0 - 0 - 6). Give l(q).
-1
Let m(c) = -8*c + 0*c + 2*c. Suppose 2*z = 2*j + 2734, 2*j = -43*z + 47*z - 2724. Let n = j - -1370. Give m(n).
12
Let r(l) be the first derivative of l**4/12 + l**3/6 - l**2/2 + 177*l + 100. Let n(j) be the first derivative of r(j). Calculate n(0).
-1
Let z(o) be the third derivative of 1/3*o**3 + 7*o**2 - 1/120*o**6 - 2/15*o**5 - 1/24*o**4 + 0*o + 0. Let m(r) = -19*r + 220. Let i be m(12). What is z(i)?
10
Let k be -10 + 3*2/3. Let r(i) = -12*i + 46. Let d be r(5). Let v = k - d. Let x(u) = -u**3 + 5*u**2 + 9*u - 5. Calculate x(v).
13
Let q(z) = -14*z - 325. Let u be 3 + -9 + 11 + -29. Calculate q(u).
11
Let s(q) = -5*q + 268. Let n = -1972 - -2024. Calculate s(n).
8
Let h be (126/12 + -10)*(1 + -11). Let v be h + -5 - (1 - 2 - 3). Let r(j) = -2*j + 1. Calculate r(v).
13
Let o(h) = 330*h - 1810. Let a(r) = 30*r - 163. Let p(d) = 65*a(d) - 6*o(d). Calculate p(9).
-5
Let n(c) be the third derivative of 13*c**9/30240 - c**8/10080 + c**6/720 + 77*c**5/60 - 86*c**2. Let a(s) be the third derivative of n(s). Calculate a(-1).
-27
Let l = 1297 - 1240. Suppose -62 = r - l. Let c(v) = v. Let j(u) = 8*u + 6. Let f(g) = 4*c(g) - j(g). Determine f(r).
14
Let j(v) = v**2 - 6*v - 4. Let m(h) = h + 9. Let l be m(-6). Suppose 2*u = -7*p + 2*p + 263, 0 = l*u - 4*p - 406. Suppose -b - 127 = -u. Determine j(b).
3
Let y = 12 - 17. Let c(h) = -h**3 + 4*h**2 - 2*h - 2. Let a be c(2). Let r(s) = -s**3 + 8*s - 10 - 8 + 0*s + 22 - 4*s**a. Give r(y).
-11
Let h(u) = -26*u + 446. Let w(j) = -66*j. Let a(y) = h(y) - w(y). Give a(-11).
6
Let v be (6/(-9)*-3)/1. Suppose 4 = 3*q - v. Suppose t + 5 = q. Let a(s) = -s**3 - 2*s**2 + 2*s - 3. Give a(t).
0
Let r(p) = 146*p**2 - p - 73. Let w(s) = 175*s**2 - s - 74. Let t(c) = -6*r(c) + 5*w(c). Give t(11).
-42
Let j(q) be the third derivative of q**6/120 + 2*q**3/3 - 3*q**2. Let s = -102 - -2. Let b = s - -100. Determine j(b).
4
Let f = -154 + 158. Suppose f*j + w = 2*w - 25, -3*j - 36 = 5*w. Let q(a) = -a**3 - 8*a**2 - 8*a - 5. Calculate q(j).
2
Let v(n) = -2222*n**2 - 31*n**3 - 14*n**3 + 2221*n**2 + n. What is v(1)?
-45
Let f(k) = 3*k**2 - 4*k + 4. Suppose 24 = n - 4*i, -338*n + 342*n - 11 = -i. Give f(n).
36
Let k(s) = -s**3 - 2*s**2 + 71*s - 78. Let q be k(7). Let f(w) = -w**2 - 22*w + 44. Give f(q).
44
Let r(y) be the third derivative of -y**6/120 - y**5/60 - 5*y**4/24 - 11*y**3/2 - 1429*y**2. Give r(0).
-33
Let k be 4/4 - 49*-3. Let t(n) = -k*n + n**2 - 2 + 8 + 137*n. What is t(11)?
6
Let m be 8/(-3)*2718/1208. Let t(l) = l**3 + 6*l**2 - l - 10. Determine t(m).
-4
Let b = 756 - 762. Let p(o) = o**2 + 9*o. Suppose 0 = -k - 1 - 3. Let j(x) = -x**2 - 8*x. Let s(g) = k*j(g) - 3*p(g). Determine s(b).
6
Let h = 2 + 3. Let f(q) = -4*q**3 + 12*q**2 - 5*q - 11. Let v(s) = -19*s**3 + 58*s**2 - 26*s - 49. Let r(m) = -14*f(m) + 3*v(m). Give r(h).
-8
Let h be (1 + -5)/(14/(-1680)). Let a = h + -478. Let n(o) = -o**3 + 2*o - 2 - 3*o**3 + 3*o**3. Determine n(a).
-6
Let b(v) be the second derivative of -v**5/20 + v**4/3 - v**3/3 - v**2 + 846*v. Calculate b(2).
2
Let o(m) = -10*m + 45. Let q be o(15). Let c = q - -112. Let r(d) be the third derivative of -d**4/24 + d**3/6 + d**2. What is r(c)?
-6
Let t(u) = -25*u + 24 + 20*u + 15*u**2 - 4 - 16*u**2 - 1. What is t(-8)?
-5
Let i(m) be the second derivative of 3*m**5/20 - m**3/6 + 95*m. Let q(x) = -17*x**3 + 5*x**2 + 5*x - 2. Let h(f) = 5*i(f) + q(f). What is h(2)?
2
Let i(p) = -15*p**3 - 11*p**2 + 30*p + 17. Let t(q) = -46*q**3 - 35*q**2 + 94*q + 53. Let r(g) = -19*i(g) + 6*t(g). What is r(-1)?
-9
Let i = -69 - -122. Let l(f) = 90 - f**2 - f - f**3 - i - 45. Calculate l(0).
-8
Let r(p) = p + 2. Let k(v) = -v - 3. Let q(y) = k(y) + 2*r(y). Calculate q(5).
6
Let j = 0 + 0. Let n(l) = j + 3*l**2 - 1 - 1 - 2*l**2. Let h = 279 + -277. What is n(h)?
2
Suppose -30*s + 22 + 128 = 0. Let o be -3*(-1 + 1/3). Let d(z) = 3 - 10*z**o - s - 7*z + 11*z**2. Determine d(7).
-2
Let u(a) = -4*a - 12. Let y(n) = -83 + 4*n + 0*n + 90 - 2*n. Let d(s) = 4*u(s) + 9*y(s). Determine d(-11).
-7
Suppose 5*b - 4 = 81. Suppose -13 = -5*q + b. Let a(r) be the third derivative of -r**6/120 + 7*r**5/60 - r**4/3 - r**3/6 - 20*r**2. Determine a(q).
-13
Let m(s) = -7*s - 92. Let q(f) = 3*f + 37. Le